{"id":25,"date":"2025-05-09T11:19:02","date_gmt":"2025-05-09T09:19:02","guid":{"rendered":"https:\/\/itper-inspiracje.pl\/premium-service\/?page_id=25"},"modified":"2025-06-25T16:57:18","modified_gmt":"2025-06-25T14:57:18","slug":"strona-glowna","status":"publish","type":"page","link":"https:\/\/itper-inspiracje.pl\/premium-service\/","title":{"rendered":"Strona g\u0142\u00f3wna"},"content":{"rendered":"\t\t<div data-elementor-type=\"wp-page\" data-elementor-id=\"25\" class=\"elementor elementor-25\" data-elementor-post-type=\"page\">\n\t\t\t\t<div class=\"elementor-element elementor-element-be06f95 animated-slow e-flex e-con-boxed elementor-invisible e-con e-parent\" data-id=\"be06f95\" data-element_type=\"container\" data-settings=\"{&quot;background_background&quot;:&quot;classic&quot;,&quot;animation&quot;:&quot;fadeIn&quot;}\">\n\t\t\t\t\t<div class=\"e-con-inner\">\n\t\t<div class=\"elementor-element elementor-element-2459547 e-con-full unic-h1-wrapper e-flex e-con e-child\" data-id=\"2459547\" data-element_type=\"container\">\n\t\t\t\t<div class=\"elementor-element elementor-element-c7b6ddd elementor-widget elementor-widget-heading\" data-id=\"c7b6ddd\" data-element_type=\"widget\" data-widget_type=\"heading.default\">\n\t\t\t\t<div class=\"elementor-widget-container\">\n\t\t\t\t\t<h1 class=\"elementor-heading-title elementor-size-default\">[NAZWA FIRMY]  <br><span class=\"unic-h1\">VIP Serwis W Ka\u017cdym Szczeg\u00f3le<\/span>\n<\/h1>\t\t\t\t<\/div>\n\t\t\t\t<\/div>\n\t\t\t\t<\/div>\n\t\t\t\t\t<\/div>\n\t\t\t\t<\/div>\n\t\t<div class=\"elementor-element elementor-element-957b24a e-flex e-con-boxed e-con e-parent\" data-id=\"957b24a\" data-element_type=\"container\" data-settings=\"{&quot;background_background&quot;:&quot;classic&quot;}\">\n\t\t\t\t\t<div class=\"e-con-inner\">\n\t\t<div class=\"elementor-element elementor-element-7d3035a e-con-full e-flex e-con e-child\" data-id=\"7d3035a\" data-element_type=\"container\">\n\t\t<a class=\"elementor-element elementor-element-85d402f e-con-full zoom-hover-section e-flex elementor-invisible e-con e-child\" data-id=\"85d402f\" data-element_type=\"container\" data-settings=\"{&quot;background_background&quot;:&quot;classic&quot;,&quot;animation&quot;:&quot;fadeInUp&quot;}\" href=\"#elementor-action%3Aaction%3Dpopup%3Aopen%26settings%3DeyJpZCI6IjE0NDAiLCJ0b2dnbGUiOmZhbHNlfQ%3D%3D\">\n\t\t<div class=\"elementor-element elementor-element-a5199f0 e-con-full e-flex e-con e-child\" data-id=\"a5199f0\" data-element_type=\"container\" data-settings=\"{&quot;background_background&quot;:&quot;classic&quot;}\">\n\t\t\t\t<div class=\"elementor-element elementor-element-bbcff4a elementor-widget elementor-widget-heading\" data-id=\"bbcff4a\" data-element_type=\"widget\" data-widget_type=\"heading.default\">\n\t\t\t\t<div class=\"elementor-widget-container\">\n\t\t\t\t\t<h2 class=\"elementor-heading-title elementor-size-default\">Concierge<\/h2>\t\t\t\t<\/div>\n\t\t\t\t<\/div>\n\t\t\t\t<\/div>\n\t\t\t\t<\/a>\n\t\t<a class=\"elementor-element elementor-element-9825f08 e-con-full zoom-hover-section e-flex elementor-invisible e-con e-child\" data-id=\"9825f08\" data-element_type=\"container\" data-settings=\"{&quot;background_background&quot;:&quot;classic&quot;,&quot;animation&quot;:&quot;fadeInUp&quot;,&quot;animation_delay&quot;:200}\" href=\"#elementor-action%3Aaction%3Dpopup%3Aopen%26settings%3DeyJpZCI6IjE0NDciLCJ0b2dnbGUiOmZhbHNlfQ%3D%3D\">\n\t\t<div class=\"elementor-element elementor-element-350640c e-con-full e-flex e-con e-child\" data-id=\"350640c\" data-element_type=\"container\" data-settings=\"{&quot;background_background&quot;:&quot;classic&quot;}\">\n\t\t\t\t<div class=\"elementor-element elementor-element-f5e12ab elementor-widget elementor-widget-heading\" data-id=\"f5e12ab\" data-element_type=\"widget\" data-widget_type=\"heading.default\">\n\t\t\t\t<div class=\"elementor-widget-container\">\n\t\t\t\t\t<h2 class=\"elementor-heading-title elementor-size-default\">Transport VIP<\/h2>\t\t\t\t<\/div>\n\t\t\t\t<\/div>\n\t\t\t\t<\/div>\n\t\t\t\t<\/a>\n\t\t\t\t<\/div>\n\t\t<div class=\"elementor-element elementor-element-2666b80 e-con-full e-flex e-con e-child\" data-id=\"2666b80\" data-element_type=\"container\">\n\t\t<a class=\"elementor-element elementor-element-9f94da2 e-con-full zoom-hover-section e-flex elementor-invisible e-con e-child\" data-id=\"9f94da2\" data-element_type=\"container\" data-settings=\"{&quot;background_background&quot;:&quot;classic&quot;,&quot;animation&quot;:&quot;fadeInUp&quot;}\" href=\"#elementor-action%3Aaction%3Dpopup%3Aopen%26settings%3DeyJpZCI6IjE0NTAiLCJ0b2dnbGUiOmZhbHNlfQ%3D%3D\">\n\t\t<div class=\"elementor-element elementor-element-17f6ef7 e-con-full e-flex e-con e-child\" data-id=\"17f6ef7\" data-element_type=\"container\" data-settings=\"{&quot;background_background&quot;:&quot;classic&quot;}\">\n\t\t\t\t<div class=\"elementor-element elementor-element-d2e7c8b elementor-widget elementor-widget-heading\" data-id=\"d2e7c8b\" data-element_type=\"widget\" data-widget_type=\"heading.default\">\n\t\t\t\t<div class=\"elementor-widget-container\">\n\t\t\t\t\t<h2 class=\"elementor-heading-title elementor-size-default\">Organizacja Event\u00f3w<\/h2>\t\t\t\t<\/div>\n\t\t\t\t<\/div>\n\t\t\t\t<\/div>\n\t\t\t\t<\/a>\n\t\t<a class=\"elementor-element elementor-element-fe42f07 e-con-full zoom-hover-section e-flex elementor-invisible e-con e-child\" data-id=\"fe42f07\" data-element_type=\"container\" data-settings=\"{&quot;background_background&quot;:&quot;classic&quot;,&quot;animation&quot;:&quot;fadeInUp&quot;,&quot;animation_delay&quot;:200}\" href=\"#elementor-action%3Aaction%3Dpopup%3Aopen%26settings%3DeyJpZCI6IjE0NTMiLCJ0b2dnbGUiOmZhbHNlfQ%3D%3D\">\n\t\t<div class=\"elementor-element elementor-element-c33617d e-con-full e-flex e-con e-child\" data-id=\"c33617d\" data-element_type=\"container\" data-settings=\"{&quot;background_background&quot;:&quot;classic&quot;}\">\n\t\t\t\t<div class=\"elementor-element elementor-element-8f177f6 elementor-widget elementor-widget-heading\" data-id=\"8f177f6\" data-element_type=\"widget\" data-widget_type=\"heading.default\">\n\t\t\t\t<div class=\"elementor-widget-container\">\n\t\t\t\t\t<h2 class=\"elementor-heading-title elementor-size-default\">Czartery<\/h2>\t\t\t\t<\/div>\n\t\t\t\t<\/div>\n\t\t\t\t<\/div>\n\t\t\t\t<\/a>\n\t\t\t\t<\/div>\n\t\t\t\t<div class=\"elementor-element elementor-element-2a5f647 elementor-absolute elementor-hidden-tablet elementor-hidden-mobile elementor-view-default elementor-widget elementor-widget-icon\" data-id=\"2a5f647\" data-element_type=\"widget\" data-settings=\"{&quot;_position&quot;:&quot;absolute&quot;,&quot;sticky&quot;:&quot;top&quot;,&quot;sticky_on&quot;:[&quot;desktop&quot;],&quot;sticky_offset&quot;:150,&quot;sticky_effects_offset&quot;:0,&quot;sticky_anchor_link_offset&quot;:0}\" data-widget_type=\"icon.default\">\n\t\t\t\t<div class=\"elementor-widget-container\">\n\t\t\t\t\t\t\t<div class=\"elementor-icon-wrapper\">\n\t\t\t<a class=\"elementor-icon elementor-animation-grow\" href=\"#elementor-action%3Aaction%3Dpopup%3Aopen%26settings%3DeyJpZCI6IjkxNiIsInRvZ2dsZSI6ZmFsc2V9\">\n\t\t\t<svg aria-hidden=\"true\" class=\"e-font-icon-svg e-fas-phone-square-alt\" viewBox=\"0 0 448 512\" xmlns=\"http:\/\/www.w3.org\/2000\/svg\"><path d=\"M400 32H48A48 48 0 0 0 0 80v352a48 48 0 0 0 48 48h352a48 48 0 0 0 48-48V80a48 48 0 0 0-48-48zm-16.39 307.37l-15 65A15 15 0 0 1 354 416C194 416 64 286.29 64 126a15.7 15.7 0 0 1 11.63-14.61l65-15A18.23 18.23 0 0 1 144 96a16.27 16.27 0 0 1 13.79 9.09l30 70A17.9 17.9 0 0 1 189 181a17 17 0 0 1-5.5 11.61l-37.89 31a231.91 231.91 0 0 0 110.78 110.78l31-37.89A17 17 0 0 1 299 291a17.85 17.85 0 0 1 5.91 1.21l70 30A16.25 16.25 0 0 1 384 336a17.41 17.41 0 0 1-.39 3.37z\"><\/path><\/svg>\t\t\t<\/a>\n\t\t<\/div>\n\t\t\t\t\t\t<\/div>\n\t\t\t\t<\/div>\n\t\t\t\t\t<\/div>\n\t\t\t\t<\/div>\n\t\t<div class=\"elementor-element elementor-element-dbe32bd e-flex e-con-boxed e-con e-parent\" data-id=\"dbe32bd\" data-element_type=\"container\" data-settings=\"{&quot;background_background&quot;:&quot;classic&quot;}\">\n\t\t\t\t\t<div class=\"e-con-inner\">\n\t\t<div class=\"elementor-element elementor-element-70091a2 e-con-full e-flex elementor-invisible e-con e-child\" data-id=\"70091a2\" data-element_type=\"container\" data-settings=\"{&quot;animation&quot;:&quot;fadeInLeft&quot;}\">\n\t\t\t\t<div class=\"elementor-element elementor-element-a181ca0 elementor-widget-divider--view-line elementor-widget elementor-widget-divider\" data-id=\"a181ca0\" data-element_type=\"widget\" data-widget_type=\"divider.default\">\n\t\t\t\t<div class=\"elementor-widget-container\">\n\t\t\t\t\t\t\t<div class=\"elementor-divider\">\n\t\t\t<span class=\"elementor-divider-separator\">\n\t\t\t\t\t\t<\/span>\n\t\t<\/div>\n\t\t\t\t\t\t<\/div>\n\t\t\t\t<\/div>\n\t\t\t\t<div class=\"elementor-element elementor-element-e6051e5 elementor-widget elementor-widget-text-editor\" data-id=\"e6051e5\" data-element_type=\"widget\" data-widget_type=\"text-editor.default\">\n\t\t\t\t<div class=\"elementor-widget-container\">\n\t\t\t\t\t\t\t\t\t<p>Obs\u0142ugujemy osoby publiczne, biznesmen\u00f3w, gwiazdy, dyplomat\u00f3w oraz tych, kt\u00f3rzy po prostu oczekuj\u0105 najlepszego. Zadbamy o ka\u017cdy detal: bilety lotnicze, rezerwacje stolik\u00f3w w najbardziej presti\u017cowych lokalizacjach, prywatny transport z kierowc\u0105, opiek\u0119 podczas delegacji, bezpiecze\u0144stwo i komfort na ka\u017cdym etapie wsp\u00f3\u0142pracy.<\/p>\t\t\t\t\t\t\t\t<\/div>\n\t\t\t\t<\/div>\n\t\t\t\t<div class=\"elementor-element elementor-element-7b1712b elementor-widget elementor-widget-heading\" data-id=\"7b1712b\" data-element_type=\"widget\" data-widget_type=\"heading.default\">\n\t\t\t\t<div class=\"elementor-widget-container\">\n\t\t\t\t\t<span class=\"elementor-heading-title elementor-size-default\">Zaufanie i dyskrecja to nasz standard\n<\/span>\t\t\t\t<\/div>\n\t\t\t\t<\/div>\n\t\t\t\t<div class=\"elementor-element elementor-element-97fb24b elementor-widget-divider--view-line elementor-widget elementor-widget-divider\" data-id=\"97fb24b\" data-element_type=\"widget\" data-widget_type=\"divider.default\">\n\t\t\t\t<div class=\"elementor-widget-container\">\n\t\t\t\t\t\t\t<div class=\"elementor-divider\">\n\t\t\t<span class=\"elementor-divider-separator\">\n\t\t\t\t\t\t<\/span>\n\t\t<\/div>\n\t\t\t\t\t\t<\/div>\n\t\t\t\t<\/div>\n\t\t\t\t<div class=\"elementor-element elementor-element-397d45b elementor-widget elementor-widget-text-editor\" data-id=\"397d45b\" data-element_type=\"widget\" data-widget_type=\"text-editor.default\">\n\t\t\t\t<div class=\"elementor-widget-container\">\n\t\t\t\t\t\t\t\t\t<p>Wiemy, jak wa\u017cna jest niezawodno\u015b\u0107. Dlatego jeste\u015bmy zawsze dost\u0119pni \u2013 24 godziny na dob\u0119, 7 dni w tygodniu.<\/p><p>Dzia\u0142amy szybko, profesjonalnie i bez zb\u0119dnych pyta\u0144. Nasze us\u0142ugi kierujemy zar\u00f3wno do naszych klient\u00f3w, jak i ich asystent\u00f3w, manager\u00f3w oraz agencji eventowych poszukuj\u0105cych wykonawcy klasy premium.<\/p>\t\t\t\t\t\t\t\t<\/div>\n\t\t\t\t<\/div>\n\t\t\t\t<div class=\"elementor-element elementor-element-bec254f elementor-widget-divider--view-line elementor-widget elementor-widget-divider\" data-id=\"bec254f\" data-element_type=\"widget\" data-widget_type=\"divider.default\">\n\t\t\t\t<div class=\"elementor-widget-container\">\n\t\t\t\t\t\t\t<div class=\"elementor-divider\">\n\t\t\t<span class=\"elementor-divider-separator\">\n\t\t\t\t\t\t<\/span>\n\t\t<\/div>\n\t\t\t\t\t\t<\/div>\n\t\t\t\t<\/div>\n\t\t\t\t<\/div>\n\t\t<div class=\"elementor-element elementor-element-c386988 e-con-full zoom-hover-section e-flex elementor-invisible e-con e-child\" data-id=\"c386988\" data-element_type=\"container\" data-settings=\"{&quot;background_background&quot;:&quot;classic&quot;,&quot;animation&quot;:&quot;fadeIn&quot;,&quot;animation_delay&quot;:350}\">\n\t\t\t\t<\/div>\n\t\t\t\t\t<\/div>\n\t\t\t\t<\/div>\n\t\t<div class=\"elementor-element elementor-element-5774af0 e-flex e-con-boxed e-con e-parent\" data-id=\"5774af0\" data-element_type=\"container\" data-settings=\"{&quot;background_background&quot;:&quot;classic&quot;}\">\n\t\t\t\t\t<div class=\"e-con-inner\">\n\t\t<div class=\"elementor-element elementor-element-7ef9e45 e-con-full unic-section e-flex e-con e-child\" data-id=\"7ef9e45\" data-element_type=\"container\">\n\t\t\t\t<div class=\"elementor-element elementor-element-caf44b8 elementor-widget elementor-widget-heading\" data-id=\"caf44b8\" data-element_type=\"widget\" data-widget_type=\"heading.default\">\n\t\t\t\t<div class=\"elementor-widget-container\">\n\t\t\t\t\t<h2 class=\"elementor-heading-title elementor-size-default\">[NAZWA FIRMY]\u2013 wi\u0119cej ni\u017c us\u0142uga<\/h2>\t\t\t\t<\/div>\n\t\t\t\t<\/div>\n\t\t\t\t<\/div>\n\t\t<div class=\"elementor-element elementor-element-bde46a2 e-con-full e-flex e-con e-child\" data-id=\"bde46a2\" data-element_type=\"container\">\n\t\t<div class=\"elementor-element elementor-element-7c5dc33 e-con-full e-flex elementor-invisible e-con e-child\" data-id=\"7c5dc33\" data-element_type=\"container\" data-settings=\"{&quot;animation&quot;:&quot;fadeInUp&quot;}\">\n\t\t\t\t<div class=\"elementor-element elementor-element-a668603 elementor-widget elementor-widget-text-editor\" data-id=\"a668603\" data-element_type=\"widget\" data-widget_type=\"text-editor.default\">\n\t\t\t\t<div class=\"elementor-widget-container\">\n\t\t\t\t\t\t\t\t\t<p>Zaufaj firmie, kt\u00f3ra nie zna s\u0142owa \u201eniemo\u017cliwe\u201d. Twoje potrzeby \u2013 niezale\u017cnie od ich skali \u2013 s\u0105 dla nas priorytetem. Dzia\u0142amy natychmiast, dyskretnie i z klas\u0105.<\/p><p>Z [NAZWA FIRMY] wszystko dzieje si\u0119 dok\u0142adnie tak, jak trzeba \u2013 lub jeszcze lepiej.<\/p><p>S\u0105 to powody, dla kt\u00f3rych klienci nam ufaj\u0105.\u00a0<\/p>\t\t\t\t\t\t\t\t<\/div>\n\t\t\t\t<\/div>\n\t\t\t\t<div class=\"elementor-element elementor-element-27c340f elementor-widget-divider--view-line elementor-widget elementor-widget-divider\" data-id=\"27c340f\" data-element_type=\"widget\" data-widget_type=\"divider.default\">\n\t\t\t\t<div class=\"elementor-widget-container\">\n\t\t\t\t\t\t\t<div class=\"elementor-divider\">\n\t\t\t<span class=\"elementor-divider-separator\">\n\t\t\t\t\t\t<\/span>\n\t\t<\/div>\n\t\t\t\t\t\t<\/div>\n\t\t\t\t<\/div>\n\t\t\t\t<div class=\"elementor-element elementor-element-976ccd7 elementor-invisible elementor-widget elementor-widget-image\" data-id=\"976ccd7\" data-element_type=\"widget\" data-settings=\"{&quot;_animation&quot;:&quot;fadeIn&quot;,&quot;_animation_delay&quot;:350}\" data-widget_type=\"image.default\">\n\t\t\t\t<div class=\"elementor-widget-container\">\n\t\t\t\t\t\t\t\t\t\t\t\t\t\t\t<img decoding=\"async\" src=\"https:\/\/itper-inspiracje.pl\/premium-service\/wp-content\/uploads\/2025\/05\/logo_01.webp\" title=\"\" alt=\"\" loading=\"lazy\" \/>\t\t\t\t\t\t\t\t\t\t\t\t\t\t\t<\/div>\n\t\t\t\t<\/div>\n\t\t\t\t<\/div>\n\t\t<div class=\"elementor-element elementor-element-4b40c54 e-con-full e-flex elementor-invisible e-con e-child\" data-id=\"4b40c54\" data-element_type=\"container\" id=\"contact\" data-settings=\"{&quot;animation&quot;:&quot;fadeInUp&quot;,&quot;animation_delay&quot;:350}\">\n\t\t\t\t<div class=\"elementor-element elementor-element-e704029 elementor-button-align-center elementor-widget elementor-widget-form\" data-id=\"e704029\" data-element_type=\"widget\" data-settings=\"{&quot;step_next_label&quot;:&quot;Nast\\u0119pny&quot;,&quot;step_previous_label&quot;:&quot;Poprzedni&quot;,&quot;button_width&quot;:&quot;100&quot;,&quot;step_type&quot;:&quot;number_text&quot;,&quot;step_icon_shape&quot;:&quot;circle&quot;}\" data-widget_type=\"form.default\">\n\t\t\t\t<div class=\"elementor-widget-container\">\n\t\t\t\t\t\t\t<form class=\"elementor-form\" method=\"post\" name=\"Nowy formularz\">\n\t\t\t<input type=\"hidden\" name=\"post_id\" value=\"25\"\/>\n\t\t\t<input type=\"hidden\" name=\"form_id\" value=\"e704029\"\/>\n\t\t\t<input type=\"hidden\" name=\"referer_title\" value=\"\" \/>\n\n\t\t\t\t\t\t\t<input type=\"hidden\" name=\"queried_id\" value=\"25\"\/>\n\t\t\t\n\t\t\t<div class=\"elementor-form-fields-wrapper elementor-labels-above\">\n\t\t\t\t\t\t\t\t<div class=\"elementor-field-type-text elementor-field-group elementor-column elementor-field-group-field_69ef171 elementor-col-50 elementor-field-required elementor-mark-required\">\n\t\t\t\t\t\t\t\t\t\t\t\t<label for=\"form-field-field_69ef171\" class=\"elementor-field-label\">\n\t\t\t\t\t\t\t\tImi\u0119\t\t\t\t\t\t\t<\/label>\n\t\t\t\t\t\t\t\t\t\t\t\t\t\t<input size=\"1\" type=\"text\" name=\"form_fields[field_69ef171]\" id=\"form-field-field_69ef171\" class=\"elementor-field elementor-size-sm  elementor-field-textual\" required=\"required\">\n\t\t\t\t\t\t\t\t\t\t\t<\/div>\n\t\t\t\t\t\t\t\t<div class=\"elementor-field-type-text elementor-field-group elementor-column elementor-field-group-field_f75a0fe elementor-col-50 elementor-field-required elementor-mark-required\">\n\t\t\t\t\t\t\t\t\t\t\t\t<label for=\"form-field-field_f75a0fe\" class=\"elementor-field-label\">\n\t\t\t\t\t\t\t\tNazwisko\t\t\t\t\t\t\t<\/label>\n\t\t\t\t\t\t\t\t\t\t\t\t\t\t<input size=\"1\" type=\"text\" name=\"form_fields[field_f75a0fe]\" id=\"form-field-field_f75a0fe\" class=\"elementor-field elementor-size-sm  elementor-field-textual\" required=\"required\">\n\t\t\t\t\t\t\t\t\t\t\t<\/div>\n\t\t\t\t\t\t\t\t<div class=\"elementor-field-type-email elementor-field-group elementor-column elementor-field-group-field_9c644a0 elementor-col-100 elementor-field-required elementor-mark-required\">\n\t\t\t\t\t\t\t\t\t\t\t\t<label for=\"form-field-field_9c644a0\" class=\"elementor-field-label\">\n\t\t\t\t\t\t\t\tE-mail\t\t\t\t\t\t\t<\/label>\n\t\t\t\t\t\t\t\t\t\t\t\t\t\t<input size=\"1\" type=\"email\" name=\"form_fields[field_9c644a0]\" id=\"form-field-field_9c644a0\" class=\"elementor-field elementor-size-sm  elementor-field-textual\" required=\"required\">\n\t\t\t\t\t\t\t\t\t\t\t<\/div>\n\t\t\t\t\t\t\t\t<div class=\"elementor-field-type-tel elementor-field-group elementor-column elementor-field-group-field_3592a8b elementor-col-100\">\n\t\t\t\t\t\t\t\t\t\t\t\t<label for=\"form-field-field_3592a8b\" class=\"elementor-field-label\">\n\t\t\t\t\t\t\t\tNumer kontaktowy\t\t\t\t\t\t\t<\/label>\n\t\t\t\t\t\t\t\t<input size=\"1\" type=\"tel\" name=\"form_fields[field_3592a8b]\" id=\"form-field-field_3592a8b\" class=\"elementor-field elementor-size-sm  elementor-field-textual\" pattern=\"[0-9()#&amp;+*-=.]+\" title=\"Akceptowane s\u0105 jedynie cyfry i znaki telefoniczne (#,-,*).\">\n\n\t\t\t\t\t\t<\/div>\n\t\t\t\t\t\t\t\t<div class=\"elementor-field-type-select elementor-field-group elementor-column elementor-field-group-field_629f359 elementor-col-100 elementor-field-required elementor-mark-required\">\n\t\t\t\t\t\t\t\t\t\t\t\t<label for=\"form-field-field_629f359\" class=\"elementor-field-label\">\n\t\t\t\t\t\t\t\tRodzaj us\u0142ugi\t\t\t\t\t\t\t<\/label>\n\t\t\t\t\t\t\t\t<div class=\"elementor-field elementor-select-wrapper remove-before \">\n\t\t\t<div class=\"select-caret-down-wrapper\">\n\t\t\t\t<svg aria-hidden=\"true\" class=\"e-font-icon-svg e-eicon-caret-down\" viewBox=\"0 0 571.4 571.4\" xmlns=\"http:\/\/www.w3.org\/2000\/svg\"><path d=\"M571 393Q571 407 561 418L311 668Q300 679 286 679T261 668L11 418Q0 407 0 393T11 368 36 357H536Q550 357 561 368T571 393Z\"><\/path><\/svg>\t\t\t<\/div>\n\t\t\t<select name=\"form_fields[field_629f359]\" id=\"form-field-field_629f359\" class=\"elementor-field-textual elementor-size-sm\" required=\"required\">\n\t\t\t\t\t\t\t\t\t<option value=\"Transport VIP\">Transport VIP<\/option>\n\t\t\t\t\t\t\t\t\t<option value=\"Rezerwacje hotelowe \/ restauracyjne\">Rezerwacje hotelowe \/ restauracyjne<\/option>\n\t\t\t\t\t\t\t\t\t<option value=\"Obs\u0142uga eventu \/ konferencji\">Obs\u0142uga eventu \/ konferencji<\/option>\n\t\t\t\t\t\t\t\t\t<option value=\"Concierge 24\/7\">Concierge 24\/7<\/option>\n\t\t\t\t\t\t\t\t\t<option value=\"Obs\u0142uga delegacji\">Obs\u0142uga delegacji<\/option>\n\t\t\t\t\t\t\t\t\t<option value=\"Bilety lotnicze \/ przesy\u0142ki VIP\">Bilety lotnicze \/ przesy\u0142ki VIP<\/option>\n\t\t\t\t\t\t\t\t\t<option value=\"Inne (wpisz w polu Wiadomo\u015b\u0107)\">Inne (wpisz w polu Wiadomo\u015b\u0107)<\/option>\n\t\t\t\t\t\t\t<\/select>\n\t\t<\/div>\n\t\t\t\t\t\t<\/div>\n\t\t\t\t\t\t\t\t<div class=\"elementor-field-type-text elementor-field-group elementor-column elementor-field-group-field_76b5664 elementor-col-100\">\n\t\t\t\t\t\t\t\t\t\t\t\t<label for=\"form-field-field_76b5664\" class=\"elementor-field-label\">\n\t\t\t\t\t\t\t\tWiadomo\u015b\u0107\t\t\t\t\t\t\t<\/label>\n\t\t\t\t\t\t\t\t\t\t\t\t\t\t<input size=\"1\" type=\"text\" name=\"form_fields[field_76b5664]\" id=\"form-field-field_76b5664\" class=\"elementor-field elementor-size-sm  elementor-field-textual\">\n\t\t\t\t\t\t\t\t\t\t\t<\/div>\n\t\t\t\t\t\t\t\t<div class=\"elementor-field-type-acceptance elementor-field-group elementor-column elementor-field-group-field_ada6917 elementor-col-100 elementor-field-required elementor-mark-required\">\n\t\t\t\t\t\t\t<div class=\"elementor-field-subgroup\">\n\t\t\t<span class=\"elementor-field-option\">\n\t\t\t\t<input type=\"checkbox\" name=\"form_fields[field_ada6917]\" id=\"form-field-field_ada6917\" class=\"elementor-field elementor-size-sm  elementor-acceptance-field\" required=\"required\">\n\t\t\t\t<label for=\"form-field-field_ada6917\">Zgoda z <a href=\"https:\/\/itper-inspiracje.pl\/premium-service\/polityka-prywatnosci\/\">polityk\u0105 prywatno\u015bci<\/a><\/label>\t\t\t<\/span>\n\t\t<\/div>\n\t\t\t\t\t\t<\/div>\n\t\t\t\t\t\t\t\t<div class=\"elementor-field-type-acceptance elementor-field-group elementor-column elementor-field-group-field_f081745 elementor-col-100 elementor-field-required elementor-mark-required\">\n\t\t\t\t\t\t\t<div class=\"elementor-field-subgroup\">\n\t\t\t<span class=\"elementor-field-option\">\n\t\t\t\t<input type=\"checkbox\" name=\"form_fields[field_f081745]\" id=\"form-field-field_f081745\" class=\"elementor-field elementor-size-sm  elementor-acceptance-field\" required=\"required\">\n\t\t\t\t<label for=\"form-field-field_f081745\">Wyra\u017cam zgod\u0119 na przetwarzanie moich danych osobowych zgodnie z RODO w celu udzielenia odpowiedzi na zadane pytanie<\/label>\t\t\t<\/span>\n\t\t<\/div>\n\t\t\t\t\t\t<\/div>\n\t\t\t\t\t\t\t\t<div class=\"elementor-field-group elementor-column elementor-field-type-submit elementor-col-100 e-form__buttons\">\n\t\t\t\t\t<button class=\"elementor-button elementor-size-sm\" type=\"submit\">\n\t\t\t\t\t\t<span class=\"elementor-button-content-wrapper\">\n\t\t\t\t\t\t\t\t\t\t\t\t\t\t\t\t\t\t\t\t\t\t<span class=\"elementor-button-text\">Wy\u015blij<\/span>\n\t\t\t\t\t\t\t\t\t\t\t\t\t<\/span>\n\t\t\t\t\t<\/button>\n\t\t\t\t<\/div>\n\t\t\t<\/div>\n\t\t<\/form>\n\t\t\t\t\t\t<\/div>\n\t\t\t\t<\/div>\n\t\t\t\t<\/div>\n\t\t\t\t<\/div>\n\t\t\t\t\t<\/div>\n\t\t\t\t<\/div>\n\t\t\t\t<\/div>\n\t\t","protected":false},"excerpt":{"rendered":"<p>[NAZWA FIRMY] VIP Serwis W Ka\u017cdym Szczeg\u00f3le Concierge Transport VIP Organizacja Event\u00f3w Czartery Obs\u0142ugujemy osoby publiczne, biznesmen\u00f3w, gwiazdy, dyplomat\u00f3w oraz tych, kt\u00f3rzy po prostu oczekuj\u0105 najlepszego. Zadbamy o ka\u017cdy detal: bilety lotnicze, rezerwacje stolik\u00f3w w najbardziej presti\u017cowych lokalizacjach, prywatny transport z kierowc\u0105, opiek\u0119 podczas delegacji, bezpiecze\u0144stwo i komfort na ka\u017cdym etapie wsp\u00f3\u0142pracy. Zaufanie i dyskrecja [&hellip;]<\/p>\n","protected":false},"author":1,"featured_media":0,"parent":0,"menu_order":0,"comment_status":"closed","ping_status":"closed","template":"","meta":{"footnotes":""},"class_list":["post-25","page","type-page","status-publish","hentry"],"_links":{"self":[{"href":"https:\/\/itper-inspiracje.pl\/premium-service\/wp-json\/wp\/v2\/pages\/25","targetHints":{"allow":["GET"]}}],"collection":[{"href":"https:\/\/itper-inspiracje.pl\/premium-service\/wp-json\/wp\/v2\/pages"}],"about":[{"href":"https:\/\/itper-inspiracje.pl\/premium-service\/wp-json\/wp\/v2\/types\/page"}],"author":[{"embeddable":true,"href":"https:\/\/itper-inspiracje.pl\/premium-service\/wp-json\/wp\/v2\/users\/1"}],"replies":[{"embeddable":true,"href":"https:\/\/itper-inspiracje.pl\/premium-service\/wp-json\/wp\/v2\/comments?post=25"}],"version-history":[{"count":296,"href":"https:\/\/itper-inspiracje.pl\/premium-service\/wp-json\/wp\/v2\/pages\/25\/revisions"}],"predecessor-version":[{"id":1664,"href":"https:\/\/itper-inspiracje.pl\/premium-service\/wp-json\/wp\/v2\/pages\/25\/revisions\/1664"}],"wp:attachment":[{"href":"https:\/\/itper-inspiracje.pl\/premium-service\/wp-json\/wp\/v2\/media?parent=25"}],"curies":[{"name":"wp","href":"https:\/\/api.w.org\/{rel}","templated":true}]}}